it of 33798?
9
What is the thousands digit of 3323?
3
What is the tens digit of 29394?
9
What is the hundreds digit of 176?
1
What is the hundreds digit of 2353?
3
What is the tens digit of 176?
7
What is the thousands digit of 17606?
7
What is the ten thousands digit of 56463?
5
What is the units digit of 23089?
9
What is the units digit of 1123?
3
What is the hundreds digit of 3940?
9
What is the tens digit of 15135?
3
What is the units digit of 8518?
8
What is the thousands digit of 2570?
2
What is the tens digit of 2689?
8
What is the units digit of 2196?
6
What is the units digit of 2209?
9
What is the hundreds digit of 917?
9
What is the units digit of 249?
9
What is the ten thousands digit of 13416?
1
What is the hundreds digit of 47823?
8
What is the thousands digit of 3457?
3
What is the hundreds digit of 1574?
5
What is the thousands digit of 34755?
4
What is the ten thousands digit of 41590?
4
What is the tens digit of 477?
7
What is the units digit of 3?
3
What is the thousands digit of 46115?
6
What is the ten thousands digit of 14832?
1
What is the units digit of 10792?
2
What is the tens digit of 2006?
0
What is the tens digit of 3775?
7
What is the units digit of 1162?
2
What is the tens digit of 2173?
7
What is the units digit of 17021?
1
What is the units digit of 68?
8
What is the hundreds digit of 885?
8
What is the hundreds digit of 51964?
9
What is the ten thousands digit of 20844?
2
What is the hundreds digit of 5879?
8
What is the hundreds digit of 717?
7
What is the thousands digit of 2538?
2
What is the tens digit of 171?
7
What is the tens digit of 22333?
3
What is the hundreds digit of 75455?
4
What is the tens digit of 2387?
8
What is the hundreds digit of 33526?
5
What is the tens digit of 2798?
9
What is the tens digit of 368?
6
What is the thousands digit of 13267?
3
What is the thousands digit of 154262?
4
What is the tens digit of 836?
3
What is the hundreds digit of 165?
1
What is the thousands digit of 1550?
1
What is the units digit of 51276?
6
What is the units digit of 2208?
8
What is the thousands digit of 1743?
1
What is the tens digit of 23894?
9
What is the tens digit of 1609?
0
What is the thousands digit of 8244?
8
What is the tens digit of 403?
0
What is the thousands digit of 36636?
6
What is the units digit of 23603?
3
What is the units digit of 34907?
7
What is the hundreds digit of 2361?
3
What is the units digit of 1004?
4
What is the tens digit of 2221?
2
What is the thousands digit of 22662?
2
What is the hundreds digit of 734?
7
What is the units digit of 68480?
0
What is the units digit of 1843?
3
What is the tens digit of 27875?
7
What is the hundreds digit of 40493?
4
What is the ten thousands digit of 98082?
9
What is the tens digit of 1255?
5
What is the ten thousands digit of 49597?
4
What is the tens digit of 11202?
0
What is the units digit of 4509?
9
What is the hundreds digit of 24319?
3
What is the tens digit of 240?
4
What is the units digit of 2022?
2
What is the ten thousands digit of 31366?
3
What is the tens digit of 65424?
2
What is the thousands digit of 7652?
7
What is the tens digit of 44101?
0
What is the hundreds digit of 6028?
0
What is the tens digit of 170808?
0
What is the thousands digit of 174038?
4
What is the units digit of 296?
6
What is the ten thousands digit of 10431?
1
What is the thousands digit of 2722?
2
What is the hundreds digit of 1746?
7
What is the thousands digit of 2024?
2
What is the ten thousands digit of 114264?
1
What is the hundreds digit of 6790?
7
What is the hundreds digit of 1720?
7
What is the ten thousands digit of 31367?
3
What is the units digit of 56465?
5
What is the thousands digit of 193810?
3
What is the ten thousands digit of 14510?
1
What is the tens digit of 16201?
0
What is the thousands digit of 1307?
1
What is the ten thousands digit of 54747?
5
What is the tens digit of 15711?
1
What is the units digit of 4456?
6
What is the tens digit of 2155?
5
What is the hundreds digit of 936?
9
What is the tens digit of 946?
4
What is the tens digit of 1415?
1
What is the thousands digit of 1431?
1
What is the units digit of 11199?
9
What is the tens digit of 108087?
8
What is the hundreds digit of 919?
9
What is the units digit of 5732?
2
What is the units digit of 28?
8
What is the hundreds digit of 73342?
3
What is the units digit of 14459?
9
What is the hundreds digit of 545?
5
What is the thousands digit of 1013?
1
What is the hundreds digit of 6178?
1
What is the thousands digit of 2707?
2
What is the tens digit of 20924?
2
What is the tens digit of 2822?
2
What is the ten thousands digit of 14335?
1
What is the tens digit of 880?
8
What is the ten thousands digit of 52691?
5
What is the units digit of 9910?
0
What is the tens digit of 739?
3
What is the ten thousands digit of 42354?
4
What is the ten thousands digit of 58995?
5
What is the units digit of 21199?
9
What is the tens digit of 7358?
5
What is the units digit of 1656?
6
What is the units digit of 2415?
5
What is the tens digit of 2502?
0
What is the units digit of 864?
4
What is the tens digit of 15160?
6
What is the units digit of 124064?
4
What is the hundreds digit of 14511?
5
What is the hundreds digit of 1734?
7
What is the units digit of 13210?
0
What is the units digit of 17826?
6
What is the units digit of 897?
7
What is the thousands digit of 11779?
1
What is the hundreds digit of 1621?
6
What is the hundreds digit of 34454?
4
What is the units digit of 86632?
2
What is the hundreds digit of 35758?
7
What is the thousands digit of 23121?
3
What is the units digit of 32917?
7
What is the units digit of 1149?
9
What is the hundreds digit of 86086?
0
What is the tens digit of 1471?
7
What is the units digit of 635?
5
What is the units digit of 732?
2
What is the hundreds digit of 92465?
4
What is the hundreds digit of 2373?
3
What is the thousands digit of 1740?
1
What is the thousands digit of 70496?
0
What is the tens digit of 1622?
2
What is the tens digit of 23409?
0
What is the hundreds digit of 1471?
4
What is the tens digit of 19219?
1
What is the hundreds digit of 8618?
6
What is the thousands digit of 2991?
2
What is the tens digit of 1926?
2
What is the tens digit of 1441?
4
What is the hundreds digit of 2246?
2
What is the thousands digit of 2405?
2
What is the hundreds digit of 15988?
9
What is the hundreds digit of 3990?
9
What is the tens digit of 1182?
8
What is the hundreds digit of 195?
1
What is the hundreds digit of 728?
7
What is the tens digit of 25070?
7
What is the thousands digit of 37375?
7
What is the hundreds digit of 26636?
6
What is the hundreds digit of 828?
8
What is the tens digit of 3606?
0
What is the units digit of 3839?
9
What is the tens digit of 3924?
2
What is the units digit of 919?
9
What is the ten thousands digit of 36626?
3
What is the units digit of 752?
2
What is the units digit of 20264?
4
What is the units digit of 9?
9
What is the ten thousands digit of 88737?
8
What is the hundreds digit of 8585?
5
What is the hundreds digit of 1192?
1
What is the thousands digit of 2051?
2
What is the units digit of 54?
4
What is the hundreds digit of 358?
3
What is the hundreds digit of 3087?
0
What is the units digit of 590?
0
What is the thousands digit of 3511?
3
What is the units digit of 321?
1
What is the ten thousands digit of 31322?
3
What is the hundreds digit of 2193?
1
What is the units digit of 1041?
1
What is the tens digit of 60747?
4
What is the hundreds digit of 544?
5
What is the thousands digit of 32241?
2
What is the hundreds digit of 88237?
2
What is the ten thousands digit of 23941?
2
What is the thousands digit of 16969?
6
What is the hundreds digit of 55316?
3
What is the units digit of 10534?
4
What is the hundreds digit of 19377?
3
What is the ten thousands digit of 21435?
2
What is the thousands digit of 2253?
2
What is the units digit of 1034?
4
What is the units digit of 7949?
9
What is the thousands digit of 2115?
2
What is the tens digit of 77668?
6
What is the hundreds digit of 4745?
7
What is the ten thousands digit of 96408?
9
What is the thousands digit of 107965?
7
What is the thousands digit of 11941?
1
What is the hundreds digit of 3950?
9
What is the hundreds digit of 16603?
6
What i